+ -5 + 21 - 40.
-22
What is the value of 10 - (18 + -17 + -1)?
10
Evaluate 12 - (13 + -14) - ((-7 - 0) + 0).
20
What is the value of 19 - (18 - (14 + -2))?
13
Calculate (32 - 12 - 1 - 1) + 5.
23
What is the value of 11 + (3 - 6) - (2 - (3 + 3))?
12
What is the value of -20 + (25 - 18) + 26?
13
Calculate -23 + 37 + -6 + (-3 - (-2 - 8)).
15
Evaluate 252 + -265 + (1 - -17) - (2 - 10).
13
What is (6 - (12 + -17)) + -12 + (-1 - 1)?
-3
6 - ((9 - 3) + 2)
-2
What is 2 + 4 + (15 - 5 - 11) + 4?
9
What is 5 + 5 + 6 + -32 + 6?
-10
-21 + -25 + 29 + 37
20
What is -10 - (18 + -44 - -9)?
7
What is -10 + (48 + -48 - (-2 + 2))?
-10
(68 - 62) + (-1 - 0) + -2 + -18
-15
What is -1 - (8 + (-3 - 3) + 8 + 5)?
-16
-22 + 23 + -10 - (-15 + 2)
4
(8 - (-2 - -37)) + 53
26
What is the value of 9 + (0 - 5 - (284 + -265))?
-15
Calculate -6 + (-18 - -13) - 2.
-13
What is the value of -27 + 21 + -3 + 18 - -18?
27
Evaluate 15 - (-19 + -16 - -82).
-32
What is the value of (-18 - -7) + 4 + -4?
-11
Evaluate -13 + (1 - 0) + 1 - (51 - 71).
9
What is (-12 - -2) + (-58 + 32 - -33)?
-3
-3 + 13 + 4 + (3 - 16)
1
What is the value of -8 + 3 + 3 + -72 + 71?
-3
Calculate -13 + 1 - (12 + (-11 - -13) - 15).
-11
-7 + -8 + 15 + -2
-2
What is the value of (17 - 0) + -30 + 10 + (24 - 0)?
21
What is 888 + -895 - (-2 + 2 - (0 + 6))?
-1
What is (20 - 3) + -14 + 2?
5
What is -5 + (-9 - -17) + (2 - 8) + 4?
1
What is the value of 32 + (10 - 13) - (-10 + (7 - -13))?
19
What is (11 - (7 - (-3 + 5))) + (-19 - -2)?
-11
Evaluate -4 - (-12 + 11 + -14 + 26).
-15
Evaluate 20 - (29 + -1) - (-4 + 1).
-5
What is (-16 - (7 - 39)) + -5 + -1?
10
What is the value of 11 + (9 - (1 + 4)) + -11?
4
0 + 3 + (5 - (15 + -3 + 12))
-16
Calculate -21 - (1 + 18 + -53).
13
What is the value of -7 + (-1 - -1 - -5 - (100 - 94))?
-8
What is the value of (9 - (2 + 8 - -2)) + (12 - 14)?
-5
Evaluate 10 - (5 + -34 + 33 + (-1 - 5)).
12
Evaluate 43 - (-41 - -42 - -33).
9
(-2 - -14) + -14 + 35
33
Calculate 11 - 5 - ((14 - 12) + (-18 - 1)).
23
Evaluate -5 - (-1 + 4 - (-8 - (-3 - 3))).
-10
-11 - (-1 - ((9 - (5 + 1)) + 2))
-5
Evaluate (2 - 10) + (13 + (-15 - 11) - -6).
-15
Evaluate (-9 - -23) + -2 + -1 + -11 - 7.
-7
Evaluate -5 + (33 + 9 - 24).
13
What is 7 - (18 - ((15 - 9) + 2))?
-3
What is 5 - (-5 - -1) - (15 - 19)?
13
Calculate -19 + 17 + 0 + -13.
-15
3 - -1 - (10 - (6 - 10))
-10
What is the value of -4 - (-3 - 1 - 12 - (-8 + 4))?
8
-8 + -6 + (1 + 4 - (2 - 4))
-7
Evaluate (-12 - -9) + 6 + 3 - (0 - -6).
0
What is the value of -4 - 8 - (-2 - 8)?
-2
What is the value of -1 + 17 - (0 + (-8 - -27) + -14)?
11
-12 + (1 - (-3 + 0)) + 69 + -71
-10
What is the value of (0 - 2 - 2) + -65 + 71?
2
Evaluate 0 + -12 + -8 - -24.
4
Evaluate -14 - (-19 - -15 - 12).
2
-1 + (10 - (16 - 4) - (0 + 2))
-5
What is (0 - ((-2 - -1) + -5)) + -1 - 1?
4
What is the value of 16 - (-22 + 46 + -18)?
10
Calculate 0 + 27 - (404 + -390).
13
Calculate 5 + 10 + -15 - -7 - 5.
2
What is the value of 31 + -25 + (3 - 0) + 0?
9
What is -3 - (16 - (6 - -10))?
-3
Evaluate (-3 - (3 + -1 + -7) - -3) + 2.
7
What is 60 - 19 - 76 - 4?
-39
What is the value of (-11 - -4) + 0 + 1 + 20?
14
(0 - (-17 - -5)) + 9 + -13
8
What is the value of (-3 - (7 + -10)) + -21 + 4?
-17
Evaluate 12 - (6 - -5) - 4.
-3
Evaluate 4 - (-6 + -5) - (-2 - -9) - -2.
10
-1 + (4 - (6 + -7 + 8 - 16))
12
What is the value of 10 + 7 + (-10 - 3) + -1?
3
Calculate (-32 + 2 - 0) + -521 + 531.
-20
Calculate -9 + (-6 - 2 - -22) - -3.
8
What is -6 - (-1 - (-5 - -2)) - (-977 + 966)?
3
What is the value of (-1 + 1 - 5) + 2 + (-16 - -11)?
-8
Calculate 91 + -83 + (-5 - (0 - 1)).
4
4 + -1 + (-8 - (-10 - (-13 + 7)))
-1
Evaluate (-2 + 13 - 7) + -17.
-13
What is 4 + -10 + (-7 - (-2 - (-1 - -1)))?
-11
Calculate 14 + (19 - 5) + -26 + 3.
5
Calculate 880 + -891 - (0 - 35).
24
What is (1 - 1) + (10 - (-5 + -2 + 33))?
-16
(-6 - -13 - -2) + 7 + -16 + 11
11
What is -6 + -9 + 12 + -4 + -5?
-12
Calculate 13 + -15 + (-15 - -15 - 5).
-7
What is (-21 - (-12 + (14 - 11))) + -19?
-31
Calculate 7 - (9 - (0 + 4 + 4 + 4)).
10
What is the value of -3 + (-5 - (12 + -5 + 2))?
-17
What is the value of (-64 - -22) + (71 - 38)?
-9
21 - -8 - 27 - (29 + -3)
-24
0 + (5 - 7 - 16 - 17)
-35
What is (-11 - (0 - 7) - -11) + 16 + -22?
1
What is -8 + 3 - (8 + -2 - (-23 + 8))?
-26
Calculate (143 - 140) + (0 - -2) + -2.
3
What is (-4 - -25) + -22 + -1 + 12?
10
What is -1460 + 1452 + (-1 - -2) + -11?
-18
What is (0 - 4) + (44 - 27)?
13
Calculate -1 - 0 - 14 - (-16 + 11).
-10
What is 10 - 15 - (8 + -20)?
7
5 + -4 + (-6 - -16) + -10 + 15
16
Evaluate -1 + 10 + 5 + -9 + 1.
6
What is the value of -5 - 7 - (-10 - 11 - -25)?
-16
2 + (-3 - (-10 + 16)) + 11
4
Evaluate 2 - -2 - (-7 - (-9 - -4) - 0).
6
What is (-18 + 13 - -8) + (0 - -1) + 7?
11
Evaluate (12 - 2) + (-682 - -682).
10
Calculate 1 - -1 - (14 + (11 - 6 - 4)).
-13
What is (1 + -4 + 3 - 4) + (-15 - -13)?
-6
1 + 1 - (60 + 2 + -199 + 180)
-41
What is the value of (-271 - -276) + (-16 - 0)?
-11
Calculate 13 - (11 - (15 + -14)).
3
What is the value of 38 + -34 + 1 + 6 - 14?
-3
Calculate -20 + (9 - (1 + 0 + 4)) - -9.
-7
Calculate 7 + -8 + -10 + 15.
4
What is -11 - (13 - 19) - 11?
-16
What is 3 + 6 + -4 - 13 - -11?
3
What is the value of 1 - (11 - 19 - (-6 - 1))?
2
What is 12 + -36 + 57 - 67?
-34
15 - (-15 + (5 + -14 - -14))
25
What is -26 + (14 - -35) + -16?
7
What is (1116 - 1120) + -1 + -22 + (-2 - -2)?
-27
What is the value of 14 - (-2 - (15 - 0))?
31
(-183 - -187) + (-13 - 0) + -1 + -3
-13
What is (-118 - -124) + -5 + 3 + 14?
18
4 + -4 + 4 + 3 + -14 + 8
1
Evaluate -2 + 16 + 2 - 3.
13
What is the value of 24 + (-10 - -21) + -14?
21
What is the value of 26 - (30 - 6 - -25)?
-23
Evaluate 0 + (18 - 56 - -36).
-2
Evaluate (-1 - -1) + (39 - 37) + 9.
11
What is (3 - (-5 + 7 + -3 + 4)) + 10?
10
Calculate -9 - -2 - ((16 - 8) + -10).
-5
Evaluate 10 - (0 + 14 + (-20 - -39)).
-23
What is (-44 + -43 - -31) + 35?
-21
9 - (-3 - (-8 + 7) - -8)
3
-1 + (3 - -1) - (0 - 1)
4
Calculate 0 + (1 - 19) + 0 + (-51 - -55).
-14
What is 2 + (-3 - 2) + (690 - 707)?
-20
What is -5 + 2 + 1 + 51 + -33?
16
Calculate 5 + (-18 - -1) + 8 - -14.
10
What is the value of -8 - (-20 - -17 - (-11 - -3))?
-13
What is -4 + -10 + 1 - -10?
-3
What is (27 - 24) + (2 - 4)?
1
What is 2 - (28 + -17 + 1 + 7)?
-17
Evaluate (-6 + 0 + -4 + 5 - 2) + 5.
-2
Calculate -1 + 11 - (4 - ((5 - -1) + -8)).
4
What is the value of 6 - (-15 + -1 + 14 + -7)?
15
-16 + (-17 - -56) - 6
17
Evaluate 10 - ((7 + -2 + 27 - -4) + -2).
-24
Evaluate (12 - ((0 - 12) + 31)) + -2.
-9
Calculate -6 + 7 - (1 + 5 + -23 + 17).
1
Evaluate 7 + -6 + -6 + -9 - -3.
-11
1 + -6 + (-5 + -17 - 5) + 3
-29
-25 + 15 + -9 + 37
18
19 + -5 - (-3 - (-22 + 10))
5
What is -12 - (-1 - 22) - 18?
-7
Evaluate -5 + 3 + 6 + 1 + 12 + -14.
3
Calculate 4 - (-5 - ((5 - (6 - 1)) + -5)).
4
What is (86 - 76) + 0 + -4 - (-2 - -17)?
-9
What is the value of -6 + 2 + 1 - (5 - -6)?
-14
What is -6 + (-4 - (8 + -13) - -3)?
-2
What is the value of -1 - (2 + -3 + 5) - -2?
-3
1 + 15 - 21 - -18
13
-34 + 20 - -24 - (1 + -1)
10
What is (2 - 22) + 13 - 9 - -8?
-8
Evaluate -1114 + 1144 - (36 + 0).
-6
Evaluate -361 + 358 + (1 - 2).
-4
What is 1 + -2 - 27 - -22?
-6
What is -6 - ((-3 - -4 - -9) + -10)?
-6
What is the value of 6 - (2 + 16) - 10 - -13?
-9
What is the value of -28 - (-37 - (-40 + 17))?
-14
What is (16 - (1 - (-3 - -11))) + 47 + -54?
16
What is 4 + (-7 - -4) + -2 + 9?
8
What is 2 + (-3 - 6 - -7) + (1 - -8)?
9
Calculate 3 - (-4 - (-26 + (12 - 6))).
-13
-12 - ((-3 - -17) + -27)
1
Calculate 1 + (-42 - -8) + -22 + 34.
-21
23 + -22 + 11 + -2 + -13
-3
Evaluate -7 - (9 + 11 - 28).
1
Calculate (-5 + 8 - 7 - 7) + (7 - -1).
-3
Evaluate -11 + 16 + -17 + -1 + 22.
9
Calculate -1 - -3 - ((3 - 16) + 20).
-5
((10 - 2) + -5 - (16 + 2)) + 3
-12
Evaluate (-12 - -2) + ((-13 - -1) + 10 - -4).
-8
(0 - (8 - (8 + -5))) + 0 - -5
0
Calculate (-6 - -2) + -45 + 9 + 0 + 9.
-31
Calculate (-32 - -17) + (-7 - -10) + -1 + 2.
-11
50 - (-45 - (10 - 80))
25
(-1 - -5 - -15) + -6
13
-58 - -68 - (20 + 0)
-10
What is (-41 + 22 - -20) + -8 + -1?
-8
What is (-1 - (-1 + 25)) + (-3 + 9 - 4)?
-23
What is the value of 6 + (9 - (19 + -27 - (0 - -7)))?
30
What is -53 + -41 + -12 + 92?
-14
What is (13 - (-1 + 1)) + 722 + -716?
19
-18 - (11 - 22) - -3 - -3
-1
(7 - -20) + -11 + -17
-1
Cal